{"id":13,"date":"2022-12-01T09:50:40","date_gmt":"2022-12-01T09:50:40","guid":{"rendered":"http:\/\/fabienne-schmidt.de\/?page_id=13"},"modified":"2025-08-03T13:31:12","modified_gmt":"2025-08-03T13:31:12","slug":"ueber-mich","status":"publish","type":"page","link":"http:\/\/fabienne-schmidt.de\/?page_id=13","title":{"rendered":"\u00dcber Mich"},"content":{"rendered":"\n<p class=\"has-medium-font-size\">Hey, ich bin Fabienne, 35 Jahre alt und Mama von zwei Kindern. Zusammen mit meinem Ehemann wohnen wir im Herzen von Wilnsdorf (N\u00e4he Siegen, NRW) . Ich liebe guten Kaffee, bin ein absolutes Sommerkind (mit Ausnahme des Skifahrens;-)) und treibe gerne Sport. <\/p>\n\n\n\n<p><\/p>\n\n\n\n<p class=\"has-medium-font-size\">Als ehemalige Akne-Patientin habe ich viele Jahre unter Hautproblemen gelitten. Und doch war genau das der Grund f\u00fcr meinen Start in die Selbst\u00e4ndigkeit. <\/p>\n\n\n\n<p class=\"has-medium-font-size\">Im Jahr 2022 habe ich mich f\u00fcr eine Weiterbildung zur Make-Up Artistin entschieden. Dabei ist es mir eine Herzensangelegenheit dir zu zeigen, wie wundersch\u00f6n du bist, indem wir deine Vorz\u00fcge betonen und kleine Makel kaschieren. Um das Paket abzurunden, habe ich mich auch im Bereich Haarstyling weitergebildet und seit 2023 geh\u00f6rt insbesondere das Brautstyling zu meinem Portfolio. Am sch\u00f6nsten Tage deines Lebens mitwirken zu d\u00fcrfen, ehrt mich wirklich sehr.<\/p>\n\n\n\n<p class=\"has-medium-font-size\">Lass\u2018 uns Dich zum strahlen bringen. Ich freue mich darauf, Dich kennen zu lernen.<\/p>\n\n\n<div class=\"wp-block-image is-style-rounded\">\n<figure class=\"aligncenter size-large is-resized\"><img decoding=\"async\" loading=\"lazy\" src=\"http:\/\/fabienne-schmidt.de\/wp-content\/uploads\/2025\/08\/IMG_1570_VSCO-scaled-e1754227815949-777x1024.jpeg\" alt=\"\" class=\"wp-image-428\" width=\"253\" height=\"333\" srcset=\"http:\/\/fabienne-schmidt.de\/wp-content\/uploads\/2025\/08\/IMG_1570_VSCO-scaled-e1754227815949-777x1024.jpeg 777w, http:\/\/fabienne-schmidt.de\/wp-content\/uploads\/2025\/08\/IMG_1570_VSCO-scaled-e1754227815949-228x300.jpeg 228w, http:\/\/fabienne-schmidt.de\/wp-content\/uploads\/2025\/08\/IMG_1570_VSCO-scaled-e1754227815949-768x1012.jpeg 768w, http:\/\/fabienne-schmidt.de\/wp-content\/uploads\/2025\/08\/IMG_1570_VSCO-scaled-e1754227815949-1166x1536.jpeg 1166w, http:\/\/fabienne-schmidt.de\/wp-content\/uploads\/2025\/08\/IMG_1570_VSCO-scaled-e1754227815949-1554x2048.jpeg 1554w, http:\/\/fabienne-schmidt.de\/wp-content\/uploads\/2025\/08\/IMG_1570_VSCO-scaled-e1754227815949-720x949.jpeg 720w, http:\/\/fabienne-schmidt.de\/wp-content\/uploads\/2025\/08\/IMG_1570_VSCO-scaled-e1754227815949.jpeg 1593w\" sizes=\"(max-width: 253px) 100vw, 253px\" \/><\/figure><\/div>","protected":false},"excerpt":{"rendered":"<p>Hey, ich bin Fabienne, 35 Jahre alt und Mama von zwei Kindern. Zusammen mit meinem Ehemann wohnen wir im Herzen [&hellip;]<\/p>\n","protected":false},"author":1,"featured_media":0,"parent":0,"menu_order":0,"comment_status":"closed","ping_status":"closed","template":"","meta":[],"_links":{"self":[{"href":"http:\/\/fabienne-schmidt.de\/index.php?rest_route=\/wp\/v2\/pages\/13"}],"collection":[{"href":"http:\/\/fabienne-schmidt.de\/index.php?rest_route=\/wp\/v2\/pages"}],"about":[{"href":"http:\/\/fabienne-schmidt.de\/index.php?rest_route=\/wp\/v2\/types\/page"}],"author":[{"embeddable":true,"href":"http:\/\/fabienne-schmidt.de\/index.php?rest_route=\/wp\/v2\/users\/1"}],"replies":[{"embeddable":true,"href":"http:\/\/fabienne-schmidt.de\/index.php?rest_route=%2Fwp%2Fv2%2Fcomments&post=13"}],"version-history":[{"count":12,"href":"http:\/\/fabienne-schmidt.de\/index.php?rest_route=\/wp\/v2\/pages\/13\/revisions"}],"predecessor-version":[{"id":430,"href":"http:\/\/fabienne-schmidt.de\/index.php?rest_route=\/wp\/v2\/pages\/13\/revisions\/430"}],"wp:attachment":[{"href":"http:\/\/fabienne-schmidt.de\/index.php?rest_route=%2Fwp%2Fv2%2Fmedia&parent=13"}],"curies":[{"name":"wp","href":"https:\/\/api.w.org\/{rel}","templated":true}]}}

Über Mich

<p class="has-medium-font-size">Hey, ich bin Fabienne, 35 Jahre alt und Mama von zwei Kindern. Zusammen mit meinem Ehemann wohnen wir im Herzen von Wilnsdorf (Nähe Siegen, NRW) . Ich liebe guten Kaffee, bin ein absolutes Sommerkind (mit Ausnahme des Skifahrens;-)) und treibe gerne Sport. </p>



<p></p>



<p class="has-medium-font-size">Als ehemalige Akne-Patientin habe ich viele Jahre unter Hautproblemen gelitten. Und doch war genau das der Grund für meinen Start in die Selbständigkeit. </p>



<p class="has-medium-font-size">Im Jahr 2022 habe ich mich für eine Weiterbildung zur Make-Up Artistin entschieden. Dabei ist es mir eine Herzensangelegenheit dir zu zeigen, wie wunderschön du bist, indem wir deine Vorzüge betonen und kleine Makel kaschieren. Um das Paket abzurunden, habe ich mich auch im Bereich Haarstyling weitergebildet und seit 2023 gehört insbesondere das Brautstyling zu meinem Portfolio. Am schönsten Tage deines Lebens mitwirken zu dürfen, ehrt mich wirklich sehr.</p>



<p class="has-medium-font-size">Lass‘ uns Dich zum strahlen bringen. Ich freue mich darauf, Dich kennen zu lernen.</p>


<div class="wp-block-image is-style-rounded">
<figure class="aligncenter size-large is-resized"><img decoding="async" loading="lazy" src="http://fabienne-schmidt.de/wp-content/uploads/2025/08/IMG_1570_VSCO-scaled-e1754227815949-777x1024.jpeg" alt="" class="wp-image-428" width="253" height="333" srcset="http://fabienne-schmidt.de/wp-content/uploads/2025/08/IMG_1570_VSCO-scaled-e1754227815949-777x1024.jpeg 777w, http://fabienne-schmidt.de/wp-content/uploads/2025/08/IMG_1570_VSCO-scaled-e1754227815949-228x300.jpeg 228w, http://fabienne-schmidt.de/wp-content/uploads/2025/08/IMG_1570_VSCO-scaled-e1754227815949-768x1012.jpeg 768w, http://fabienne-schmidt.de/wp-content/uploads/2025/08/IMG_1570_VSCO-scaled-e1754227815949-1166x1536.jpeg 1166w, http://fabienne-schmidt.de/wp-content/uploads/2025/08/IMG_1570_VSCO-scaled-e1754227815949-1554x2048.jpeg 1554w, http://fabienne-schmidt.de/wp-content/uploads/2025/08/IMG_1570_VSCO-scaled-e1754227815949-720x949.jpeg 720w, http://fabienne-schmidt.de/wp-content/uploads/2025/08/IMG_1570_VSCO-scaled-e1754227815949.jpeg 1593w" sizes="(max-width: 253px) 100vw, 253px" /></figure></div>
